{"id":9472,"date":"2024-06-19T16:45:05","date_gmt":"2024-06-19T21:45:05","guid":{"rendered":"https:\/\/hojamaestra.com\/?post_type=product&#038;p=9472"},"modified":"2025-10-31T07:22:24","modified_gmt":"2025-10-31T12:22:24","slug":"plantilla-liquidacion-de-nomina","status":"publish","type":"product","link":"https:\/\/hojamaestra.com\/index.php\/product\/plantilla-liquidacion-de-nomina\/","title":{"rendered":"Plantilla Liquidaci\u00f3n de N\u00f3mina"},"content":{"rendered":"","protected":false},"excerpt":{"rendered":"<p>Maximiza la eficiencia de tu departamento de recursos humanos con nuestra plantilla de Excel para la gesti\u00f3n de n\u00f3mina. Te permite calcular con precisi\u00f3n los devengados y deducciones y los beneficios de cada empleado.<\/p>\n<p><strong>Caracter\u00edsticas:<\/strong><\/p>\n<p><strong>C\u00e1lculo Autom\u00e1tico:<\/strong> Introduce las horas trabajadas y la plantilla calcular\u00e1 autom\u00e1ticamente el salario bruto, las deducciones y el salario neto.<\/p>\n<p><strong>Deducciones Detalladas:<\/strong> Gestiona las contribuciones a la seguridad social, prestaciones sociales y otras deducciones de manera clara y sencilla.<\/p>\n<p><strong>Registro de Beneficios:<\/strong> Lleva un control de los beneficios como bonificaciones, comisiones y horas extras de cada empleado.<\/p>\n<p><strong>Beneficios:<\/strong><\/p>\n<p><strong>Ahorro de Tiempo:<\/strong> Nuestra plantilla reduce significativamente el tiempo dedicado al c\u00e1lculo de n\u00f3minas, permiti\u00e9ndote enfocarte en tareas m\u00e1s estrat\u00e9gicas.<\/p>\n<p><strong>Prevenci\u00f3n de Errores:<\/strong> Minimiza los errores humanos gracias a las f\u00f3rmulas preestablecidas y la automatizaci\u00f3n de procesos.<\/p>\n<p>Transforma la manera en que gestionas la n\u00f3mina y asegura un proceso sin errores con nuestra plantilla de Excel.<\/p>\n<p>&nbsp;<\/p>\n<p>Video de presentaci\u00f3n:<\/p>\n<p>https:\/\/youtu.be\/p9vQxUVXBW0?si=12heTw3B7zw-KSQx<\/p>\n<p>Video Explicativo de funcionamiento:<\/p>\n<p>https:\/\/youtu.be\/4SSqQwHMFyo?si=Ax5oMX604xFVXLcU<\/p>\n<p>&nbsp;<\/p>\n","protected":false},"featured_media":9455,"comment_status":"open","ping_status":"closed","template":"","meta":[],"product_brand":[],"product_cat":[71],"product_tag":[],"class_list":{"0":"post-9472","1":"product","2":"type-product","3":"status-publish","4":"has-post-thumbnail","6":"product_cat-plantillas","8":"first","9":"instock","10":"sale","11":"downloadable","12":"taxable","13":"shipping-taxable","14":"purchasable","15":"product-type-simple"},"jetpack_sharing_enabled":true,"_links":{"self":[{"href":"https:\/\/hojamaestra.com\/index.php\/wp-json\/wp\/v2\/product\/9472","targetHints":{"allow":["GET"]}}],"collection":[{"href":"https:\/\/hojamaestra.com\/index.php\/wp-json\/wp\/v2\/product"}],"about":[{"href":"https:\/\/hojamaestra.com\/index.php\/wp-json\/wp\/v2\/types\/product"}],"replies":[{"embeddable":true,"href":"https:\/\/hojamaestra.com\/index.php\/wp-json\/wp\/v2\/comments?post=9472"}],"wp:featuredmedia":[{"embeddable":true,"href":"https:\/\/hojamaestra.com\/index.php\/wp-json\/wp\/v2\/media\/9455"}],"wp:attachment":[{"href":"https:\/\/hojamaestra.com\/index.php\/wp-json\/wp\/v2\/media?parent=9472"}],"wp:term":[{"taxonomy":"product_brand","embeddable":true,"href":"https:\/\/hojamaestra.com\/index.php\/wp-json\/wp\/v2\/product_brand?post=9472"},{"taxonomy":"product_cat","embeddable":true,"href":"https:\/\/hojamaestra.com\/index.php\/wp-json\/wp\/v2\/product_cat?post=9472"},{"taxonomy":"product_tag","embeddable":true,"href":"https:\/\/hojamaestra.com\/index.php\/wp-json\/wp\/v2\/product_tag?post=9472"}],"curies":[{"name":"wp","href":"https:\/\/api.w.org\/{rel}","templated":true}]}}