{"id":9543,"date":"2025-04-15T13:09:23","date_gmt":"2025-04-15T18:09:23","guid":{"rendered":"https:\/\/hojamaestra.com\/?post_type=product&#038;p=9543"},"modified":"2025-10-31T07:21:52","modified_gmt":"2025-10-31T12:21:52","slug":"plantilla-de-ahorros","status":"publish","type":"product","link":"https:\/\/hojamaestra.com\/index.php\/product\/plantilla-de-ahorros\/","title":{"rendered":"Plantilla de Ahorros"},"content":{"rendered":"","protected":false},"excerpt":{"rendered":"<p>Alcanza tus metas financieras de forma clara, ordenada y realista \ud83e\udde0\ud83d\udcca<\/p>\n<p>\ud83c\udfaf Con esta herramienta podr\u00e1s:<br \/>\n\u2714\ufe0f Definir tus metas de ahorro con fecha y monto espec\u00edfico<br \/>\n\u2714\ufe0f Registrar tus avances y dep\u00f3sitos mes a mes<br \/>\n\u2714\ufe0f Saber cu\u00e1nto te falta para alcanzar tu objetivo<br \/>\n\u2714\ufe0f Motivar tu disciplina financiera con visualizaci\u00f3n de progreso<br \/>\n\u2714\ufe0f Ahorrar para emergencias, viajes, inversiones o cualquier prop\u00f3sito \ud83c\udfaf<\/p>\n<p>\ud83d\udcda Creada por una contadora p\u00fablica, esta plantilla est\u00e1 pensada para ayudarte a hacer del ahorro un h\u00e1bito y no una carga. Es simple, clara y poderosa para tu d\u00eda a d\u00eda.<\/p>\n<p>&nbsp;<\/p>\n<p>Video Explicativo de funcionamiento:<\/p>\n<p>https:\/\/youtu.be\/kTnoSSvDcw8?si=oXWCyBbda7Ar0Twg<\/p>\n<p>&nbsp;<\/p>\n<p>&nbsp;<\/p>\n","protected":false},"featured_media":9544,"comment_status":"open","ping_status":"closed","template":"","meta":[],"product_brand":[],"product_cat":[71],"product_tag":[],"class_list":{"0":"post-9543","1":"product","2":"type-product","3":"status-publish","4":"has-post-thumbnail","6":"product_cat-plantillas","8":"first","9":"instock","10":"sale","11":"taxable","12":"shipping-taxable","13":"purchasable","14":"product-type-simple"},"jetpack_sharing_enabled":true,"_links":{"self":[{"href":"https:\/\/hojamaestra.com\/index.php\/wp-json\/wp\/v2\/product\/9543","targetHints":{"allow":["GET"]}}],"collection":[{"href":"https:\/\/hojamaestra.com\/index.php\/wp-json\/wp\/v2\/product"}],"about":[{"href":"https:\/\/hojamaestra.com\/index.php\/wp-json\/wp\/v2\/types\/product"}],"replies":[{"embeddable":true,"href":"https:\/\/hojamaestra.com\/index.php\/wp-json\/wp\/v2\/comments?post=9543"}],"wp:featuredmedia":[{"embeddable":true,"href":"https:\/\/hojamaestra.com\/index.php\/wp-json\/wp\/v2\/media\/9544"}],"wp:attachment":[{"href":"https:\/\/hojamaestra.com\/index.php\/wp-json\/wp\/v2\/media?parent=9543"}],"wp:term":[{"taxonomy":"product_brand","embeddable":true,"href":"https:\/\/hojamaestra.com\/index.php\/wp-json\/wp\/v2\/product_brand?post=9543"},{"taxonomy":"product_cat","embeddable":true,"href":"https:\/\/hojamaestra.com\/index.php\/wp-json\/wp\/v2\/product_cat?post=9543"},{"taxonomy":"product_tag","embeddable":true,"href":"https:\/\/hojamaestra.com\/index.php\/wp-json\/wp\/v2\/product_tag?post=9543"}],"curies":[{"name":"wp","href":"https:\/\/api.w.org\/{rel}","templated":true}]}}